o and 104?
13
Let k = -5 - -5. Suppose 5*q - 15 - 65 = k. Calculate the highest common factor of q and 16.
16
Let t(p) = -p**3 - 8*p**2 + 5*p - 6. Let k be t(-10). Calculate the greatest common factor of k and 18.
18
Suppose 0 = -5*o + 2*u, o + 4*u - 14 = 4*o. Suppose -336 = -5*h + o*h. What is the highest common divisor of 16 and h?
16
Suppose -5*f - g = -209 - 190, -2*g - 82 = -f. Let u = -6 - -16. Calculate the greatest common factor of u and f.
10
Let o be (-1*4/(-2))/1. Suppose 5*k - 26 = -3*n, 2*k - 5*n + o*n - 2 = 0. Suppose -3*q + 40 = 2*q. What is the highest common divisor of k and q?
4
Let p be (-78)/(-21) - 6/(-21). Suppose -16 = -p*m + 2*m - 3*o, -18 = -5*m - 2*o. What is the greatest common divisor of 5 and m?
1
Suppose 2*l + 4*r - 2 = 0, 2*l - 7*l = -r - 27. What is the greatest common divisor of 2 and l?
1
Suppose 3*b - 39 = -6*a + a, 0 = -3*a - 5*b + 17. Calculate the highest common divisor of 81 and a.
9
Let d be ((-12)/(-6) - 15)*-1. Suppose f + 3*v = 33, 88 = -2*f + 4*f - 5*v. Calculate the highest common factor of d and f.
13
Let s(g) = 6*g - 35. Let j be s(6). Calculate the highest common factor of 11 and j.
1
Suppose -l - 2*d + 8 = 2*d, 4*d = -12. Calculate the greatest common divisor of l and 20.
20
Suppose -3*o = 5*p - 749, -3*p - 4*o + 2*o = -449. Suppose 3*b + 2*d - 6 = 130, 5*d = -3*b + p. What is the highest common factor of b and 6?
6
Suppose -5*b = -2*b - 18. Suppose -5*q + 35 = 3*i, -q - 2*i = q - 14. Suppose -q = -a + 11. Calculate the greatest common divisor of a and b.
6
Suppose -5*l + 4*s + 7 = -9, -23 = -5*l - 3*s. Let q = -5 - -7. Suppose -q*x - 10 = -3*x. Calculate the greatest common factor of l and x.
2
Let v be ((-12)/16)/(1/(-4)). Let j be (-2 + 11)/v - -15. What is the highest common factor of j and 27?
9
Let a be (-12)/(-8)*(-20)/(-6). Suppose a*d - d - 60 = 0. Let i(r) = r**3 + 4*r**2 + 3. Let t be i(-4). What is the highest common factor of t and d?
3
Let u be 3550/70 - (-4)/14. Calculate the greatest common factor of 34 and u.
17
Let b = -22 - -32. Suppose 3*k - 26 = -4*s, -3*s = s + 16. Let l be 2/7 - (-696)/k. What is the highest common factor of b and l?
10
Let t be 1*2/((-2)/(-11)). Let b be (-115 - -1) + (-6)/2. Let s = b + 205. What is the greatest common factor of t and s?
11
Suppose -11*d + 4 = -10*d. Let r = 14 + d. What is the highest common factor of r and 54?
18
Let u be 2/(-7) + (-1092)/(-49). Calculate the greatest common factor of 44 and u.
22
Let x(y) = -y**2 + 9*y - 1. Let b be x(8). Suppose 176 = 3*g - 4*w, -3 = -3*w - 9. Calculate the greatest common divisor of b and g.
7
Suppose -5*m = -2*j + 136, -101 - 84 = -3*j - 2*m. What is the highest common divisor of j and 9?
9
Let j(p) = p**2 - 5*p + 3. Let r be j(3). Let q = 4 + r. Suppose -5*w = -4*w + 4*x - 17, x - 38 = -4*w. What is the highest common divisor of w and q?
1
Let z(s) = s**2 - 4. Let h be z(2). Suppose h = 5*n - 3*n, 560 = 5*x + 2*n. Calculate the highest common factor of x and 16.
16
Suppose -6*x = -3*x - 189. Calculate the greatest common factor of 7 and x.
7
Let w = -32 - -184. What is the greatest common factor of w and 19?
19
Let j(b) = -b**3 - 4*b**2 + 3. Let c be j(-4). Suppose -c*f + 7*f = 4. Calculate the greatest common factor of f and 5.
1
Let n be ((-4 - -2) + 2)/1. Suppose 2*q + 5 - 25 = n. Calculate the greatest common factor of 10 and q.
10
Suppose -52 - 80 = -4*l. Calculate the greatest common divisor of l and 22.
11
Let a(n) = -2 + 3 + 11*n**2 - 3 - 3*n. Let o be a(-2). Let q be ((-20)/15)/(1/(-9)). Calculate the highest common divisor of q and o.
12
Suppose -2*b - a + 37 = 0, 2*b = 5*a + 67 - 12. Let t be 842/6 - 1/3. Calculate the highest common factor of t and b.
20
Let t = -103 - -247. Let y be 52/3 + 4 + 10/(-3). What is the highest common factor of y and t?
18
Suppose -161*s = -164*s + 1680. Calculate the highest common factor of 70 and s.
70
Let a = -25 + 69. Calculate the highest common divisor of a and 11.
11
Let j = -76 + -118. Let l = -124 - j. Suppose -g + 1 + 9 = 0. Calculate the greatest common divisor of l and g.
10
Let y be (-6)/(-3 - 0) + 2. Suppose y*k - 8*k = -4. What is the highest common factor of k and 3?
1
Suppose 585 = 5*d + q, -d - 4*q + 9*q = -117. Calculate the greatest common factor of 13 and d.
13
Suppose 6 = 3*i - 0*i. What is the highest common divisor of i and 3?
1
Let d be 0 - 4/(8/(-6)). Let w = 71 - 6. Suppose d*i - w = -2*i. Calculate the highest common divisor of i and 13.
13
Let s(r) = -r**2 + 4*r - 6. Let k be s(4). Let q be 2/k - 588/(-36). Calculate the greatest common factor of 4 and q.
4
Let c = -8 - -6. Suppose 2*h + 10 = -y, -2 = 4*y + h + 10. Let l be y + (18/c)/(-3). What is the highest common divisor of 1 and l?
1
Suppose 2*h - 12 = -2. Let l = -46 - -51. Calculate the highest common divisor of h and l.
5
Let d = 5 + 1. Suppose -3*h - 12 = -3*a + d*a, 9 = -3*h. Let j be a/(0 - 1/12). What is the highest common divisor of j and 84?
12
Let t(s) = 6*s + 3. Let f be t(4). What is the highest common divisor of 3 and f?
3
Suppose -1 = 3*p - 4. Let k be (-2)/(-3) - (-50)/15. Calculate the highest common factor of k and p.
1
Suppose 0*a - 3*a + 1512 = 0. Let v = a + -240. Let f(t) = -13*t - 2. Let i be f(-2). Calculate the greatest common factor of v and i.
24
Let c = -13 + 16. Suppose u + c*j = 69, 2*j - 8 + 2 = 0. What is the greatest common factor of u and 15?
15
Suppose -2*p = 3*p - 35. Let w = 7 - 0. What is the highest common factor of p and w?
7
Let k(y) = y**2 + 3*y + 6. Let d be k(-4). Calculate the greatest common divisor of d and 15.
5
Suppose 0*k + 2*k - 30 = 0. Calculate the greatest common factor of 120 and k.
15
Let q(z) = z**2 + 6*z - 4. Let u be q(-7). Suppose -2*j + 7 = -u. Suppose t - 72 = -j*i, 3*t + 8 + 0 = i. What is the highest common factor of 14 and i?
14
Suppose 2 = -b + j - 2*j, -3*b + 4*j + 22 = 0. Suppose -5*z + 0 + b = -2*h, 0 = -2*z + h. Calculate the highest common divisor of 18 and z.
2
Let p = 9 + -5. What is the greatest common factor of 2 and p?
2
Let q(s) = 35*s**2 - s. Suppose 5*f = -0*f + 5. Let j be q(f). What is the highest common factor of j and 51?
17
Suppose 0 = -0*h + h. Suppose 100 = 5*o - h*o. What is the highest common factor of o and 140?
20
Suppose 0 = 3*n - 4*n + 5. Let v = 9 + n. What is the greatest common divisor of v and 7?
7
Let s(r) = r**3 - 5*r**2 - 6*r - 4. Let f be s(6). Let x be 116/36 - f/(-18). Calculate the highest common divisor of x and 33.
3
Let i = -44 + 72. Calculate the highest common factor of 84 and i.
28
Let n(h) = 3*h**2 - 3*h + 1. Let t be n(5). Suppose 2*g - c = -5*c + 38, -4*c + t = 3*g. What is the highest common divisor of g and 253?
23
Let v be (-2)/7 - 16/(-56). Let f be v + (-3 - -2) + 12. Calculate the highest common factor of f and 11.
11
Let o = 61 - 55. Calculate the greatest common factor of 66 and o.
6
Suppose -j + 0*j = -24. Let z = -61 - -69. Calculate the greatest common factor of j and z.
8
Let w be (-44)/(-6)*(-27)/(-18). Let u be 2/2 - (2 + -2). Calculate the highest common divisor of w and u.
1
Suppose 2*u + 68 = 4*u + 4*b, 4*u = -b + 101. What is the highest common divisor of 8 and u?
8
Let z(o) = -2*o - 7. Let y be z(-5). Suppose -y*w = -1 - 5. Let k be 50/(-15)*(-3)/w. Calculate the greatest common factor of 15 and k.
5
Let y = -8 + 10. Suppose y*b = 3*f + 7 - 44, b = -f + 19. What is the greatest common factor of f and 60?
15
Let g be 7/(-3) + 2/6. Let h be (-6)/2 - (g + -51). Calculate the highest common divisor of 20 and h.
10
Suppose 26 = 2*b + 2*u, -2*u - 3*u = -4*b + 61. Suppose 5*y = -5*h + 102 + 23, -4*h = y - 16. Calculate the greatest common divisor of y and b.
14
Let b(m) = 193*m + 28. Let r be b(2). What is the greatest common divisor of r and 46?
46
Let l be 2/(-6) - (-362)/6. Let r(q) = q + 12 - q**2 + 2*q + 6*q. Let z be r(9). What is the highest common factor of z and l?
12
Let j = 10 + 54. What is the highest common factor of j and 96?
32
Let d = 30 + -26. What is the greatest common factor of d and 6?
2
Let h = 106 - 56. What is the highest common divisor of 20 and h?
10
Let d be 39/4 + (-2)/(40/15). Calculate the highest common divisor of d and 6.
3
Let g(z) = 2*z**2 - 5*z + 4. Let i be g(6). Suppose 3*o - i = -1. Let q be (75/6)/((-2)/(-12)